 base 8, what is -11 - 52400261?
-52400272
In base 13, what is -5305b - c4?
-53152
In base 14, what is -200d - -4?
-2009
In base 2, what is 11 + 1001001011011100010010?
1001001011011100010101
In base 7, what is 303 - 130101506?
-130101203
In base 5, what is -4 + -2424133140?
-2424133144
In base 6, what is -31213 - -24115?
-3054
In base 12, what is -1 - 71498b7?
-71498b8
In base 8, what is 1 - -63327244?
63327245
In base 9, what is 4206 + 11805?
16112
In base 3, what is 20000112 - 122011202?
-102011020
In base 16, what is -521 + 52b8?
4d97
In base 4, what is 100100333 - -20123?
100121122
In base 2, what is 1000 + -100111100000100001110101?
-100111100000100001101101
In base 15, what is -2957a - 1b6?
-29741
In base 9, what is -125 + -55530?
-55655
In base 4, what is -13332 - 100021001?
-100100333
In base 11, what is -1a81 + 837?
-1245
In base 12, what is -5 - -1670412?
1670409
In base 11, what is 2 - -67536294?
67536296
In base 10, what is 159967 - 1?
159966
In base 9, what is 1634171 + 40?
1634221
In base 6, what is -14225424002 + 4?
-14225423554
In base 9, what is -36 + 287324?
287277
In base 15, what is -77d64 - 18b?
-78000
In base 16, what is -436f6 - 0?
-436f6
In base 11, what is 11a36337 - -15?
11a36351
In base 16, what is c2e1b + -12?
c2e09
In base 3, what is -22 + 2002101221210101?
2002101221210002
In base 7, what is 2236312154 - 3?
2236312151
In base 12, what is -78954 + -21?
-78975
In base 14, what is 110c898 + -32?
110c866
In base 12, what is 5 + 3750640?
3750645
In base 15, what is d7283 + 3c8?
d765b
In base 4, what is 200110 - 1210202?
-1010032
In base 4, what is -11 - -12301022121?
12301022110
In base 14, what is 2d5214 + -1a?
2d51d8
In base 13, what is -9aaa8c93 + 5?
-9aaa8c8b
In base 5, what is 4110 - -2342?
12002
In base 2, what is 101100000100000100100011 - -111101?
101100000100000101100000
In base 14, what is 16b9 - 944d?
-7b74
In base 13, what is -184711 + -30?
-184741
In base 12, what is 385b7 - 6355?
32262
In base 9, what is -72534 - -118?
-72415
In base 16, what is 2111 - -12b?
223c
In base 6, what is 2455 + -311434?
-304535
In base 16, what is b27 + 4c8c?
57b3
In base 7, what is 131552 - 321?
131231
In base 15, what is -e3 + -6440?
-6533
In base 16, what is 38c502 - -3f?
38c541
In base 12, what is 630ab9 - 13?
630aa6
In base 15, what is -3652 - -a1?
-35a1
In base 8, what is 220 + 46336?
46556
In base 13, what is -2cb72 + 12c?
-2ca43
In base 3, what is -2202122 + -10202202120?
-10212112012
In base 2, what is -101 - 10110010010000110010010?
-10110010010000110010111
In base 15, what is 4d + 1aa90?
1aadd
In base 3, what is 10000210102020211 - 0?
10000210102020211
In base 14, what is -3 + 31b5b87?
31b5b84
In base 4, what is 1131 - 22330322002?
-22330320211
In base 5, what is -13421401 - 114134?
-14041040
In base 8, what is 3475 + 2110?
5605
In base 16, what is -267398 + 0?
-267398
In base 15, what is -6 + -166b68?
-166b6e
In base 9, what is -40854811 + -4?
-40854815
In base 11, what is -40a505 + -a?
-40a514
In base 16, what is -17 + 15113?
150fc
In base 13, what is -4c5b35c - -1?
-4c5b35b
In base 9, what is -3 - -125120270?
125120266
In base 9, what is -10218447 + 6?
-10218441
In base 8, what is 316260 - 711?
315347
In base 8, what is -5300615 + -573?
-5301410
In base 16, what is 150c - 1c0?
134c
In base 7, what is 212653 + -243?
212410
In base 7, what is 5006 - -565?
5604
In base 9, what is -10248 + -423?
-10672
In base 14, what is b582 + 75?
b617
In base 9, what is -7658 + 5057?
-2601
In base 3, what is -10 + -110102122010?
-110102122020
In base 16, what is 13 - 5e88f?
-5e87c
In base 11, what is -5 - -2459a67?
2459a62
In base 11, what is -138 - 35419?
-35556
In base 4, what is 23303301011303 - -11?
23303301011320
In base 9, what is -835718 + -4?
-835723
In base 15, what is -4a - -9075?
902a
In base 13, what is 1 + -26b9678?
-26b9677
In base 2, what is 101100011 + 101101010110?
110010111001
In base 10, what is 259 + -12541?
-12282
In base 13, what is 11a81434 - 0?
11a81434
In base 6, what is -2012322230 - 3?
-2012322233
In base 2, what is 10111100000 - -10000111100111000?
10001010100011000
In base 3, what is 201210 + -101101222?
-100200012
In base 13, what is -113104c + c3?
-1130c59
In base 3, what is -11020021112200112 + 100?
-11020021112200012
In base 13, what is 8772a5 + 4?
8772a9
In base 9, what is -455082 + 11?
-455071
In base 13, what is 221 + -22074?
-21b53
In base 7, what is 5 + 21265252?
21265260
In base 2, what is 1001 + 11000010100000101?
11000010100001110
In base 6, what is 2443554052 - -10?
2443554102
In base 12, what is -5612a6183 - -3?
-5612a6180
In base 2, what is 110010000111011010 - 1100101?
110010000101110101
In base 10, what is 51177 + 83?
51260
In base 16, what is 41443f2 - -12?
4144404
In base 15, what is 8c4d - 8?
8c45
In base 11, what is -6 + -367182?
-367188
In base 10, what is 13 + 472724?
472737
In base 5, what is 1333443 + 302020?
2141013
In base 16, what is -47fb82c - -5?
-47fb827
In base 13, what is 12930a7 - -3?
12930aa
In base 12, what is 48270139 + 5?
48270142
In base 14, what is -30d4547 + 1?
-30d4546
In base 10, what is 2985 - 15643?
-12658
In base 8, what is 1 + -543655614?
-543655613
In base 8, what is 72 + 10342?
10434
In base 7, what is 204 - 1423663?
-1423456
In base 9, what is 17 + -3712856?
-3712838
In base 6, what is 3150431121 + -2?
3150431115
In base 8, what is -6270231 + 434?
-6267575
In base 14, what is -17 + 5723a9?
572392
In base 4, what is -130220202100 + 3?
-130220202031
In base 9, what is 2551 + -30505?
-26844
In base 2, what is 101100011 - -100110111110100?
100111101010111
In base 10, what is -5 - 23711320?
-23711325
In base 7, what is -5 - 431155232?
-431155240
In base 6, what is -2 - 1021503113?
-1021503115
In base 11, what is -503 + 12310a?
122707
In base 4, what is 1302 + 1012310?
1020212
In base 13, what is 4 + -2099bc?
-2099b8
In base 15, what is -50173 + -245?
-503b8
In base 7, what is 51321321 + 0?
51321321
In base 8, what is 17257 + 2314?
21573
In base 16, what is -a1 - -755a?
74b9
In base 11, what is -20 - 1166468?
-1166488
In base 11, what is 8 - -1a177803?
1a177810
In base 14, what is 369 + 798b?
7d16
In base 12, what is 3 - 43b76992?
-43b7698b
In base 6, what is -200413503 + 112?
-200413351
In base 4, what is -103321 - -2020230?
1310303
In base 6, what is -10211025514 - -1?
-10211025513
In base 7, what is -115166 + 156515?
41316
In base 8, what is -265166306 + -4?
-265166312
In base 7, what is -4444 + 1643024?
1635250
In base 16, what is 1d8 + 9bfd3?
9c1ab
In base 13, what is 7047 - -1b63?
8baa
In base 4, what is -233113 - 330222?
-1230001
In base 4, what is 212222021332 - 0?
212222021332
In base 5, what is -1112412144 - 121?
-1112412320
In base 6, what is 332 + -431555?
-431223
In base 2, what is -100011110111011 + 101111011101110?
1011100110011
In base 11, what is -55 + 390844?
39079a
In base 9, what is 32785630 + -4?
32785625
In base 15, what is -54ce + 9b4?
-4a1a
In base 16, what is ba51c6 + 1?
ba51c7
In base 6, what is 11542032 + -4051?
11533541
In base 14, what is -9 + 1b50485?
1b5047a
In base 13, what is 1 + -130b69b7?
-130b69b6
In base 4, what is 10300102003 - -10?
10300102013
In base 7, what is -454 + -61520?
-62304
In base 3, what is -12211022 + 2021012?
-10120010
In base 7, what is 4 - 164665414?
-164665410
In base 2, what is -1100 - 1010110001100000001?
-1010110001100001101
In base 11, what is 1 + 1800267?
1800268
In base 3, what is 120111221 - 102210020?
10201201
In base 3, what is 111012012 - -210201?
111222220
In base 14, what is 16583 + 33b9?
1995c
In base 6, what is -2321 + 503104?
500343
In base 8, what is -70637 - -770?
-67647
In base 7, what is 1006033464 + 1?
1006033465
In base 16, what is -674 - 1ac?
-820
In base 8, what is -1126 - -772?
-134
In base 7, what is 3 + -101445643?
-101445640
In base 3, what is 120110211122001 - 0?
120110211122001
In base 15, what is -799 + -1060?
-1809
In base 15, what is -257c - -1e8?
-2384
In base 8, what is -205674 + 3536?
-202136
In base 3, what is -1021 + -101202221202?
-101210000000
In base 14, what is -32a0b92 - -2?
-32a0b90
In base 14, what is -13 + -54b902?
-54b915
In base 14, what is -28 - 8ba49?
-8ba73
In base 3, what is 11012000212220020 - 12?
11012000212220001
In base 7, what is 4244055 + -10?